What is the hundreds digit of f?
2
Suppose 4*v = -2*h + 1857 + 19007, -5219 = -v - 2*h. What is the units digit of v?
5
Suppose -18 + 74 = 7*c. Suppose -11*g + 5070 = -c*g. Suppose g = -3*o + 16*o. What is the units digit of o?
0
Let c(i) = 10*i**2 + 4*i + 6. Let k(h) = -9*h**2 - 6*h - 5. Let z(f) = 6*c(f) + 5*k(f). What is the hundreds digit of z(-5)?
4
What is the units digit of (-7)/28 + (199451/28 - 10)?
3
Let q(m) = m**2 - 1. Suppose -5*b = -0*b - 10. Let k be q(b). What is the tens digit of 1 + (k - (2 + -11))?
1
Let f(n) = 953*n**2 + 93*n - 417. What is the thousands digit of f(5)?
3
What is the thousands digit of ((-8)/(-60))/((-2)/(-30)) + (-1 - -4066)?
4
Suppose -630*c + 267067 = -577*c. What is the hundreds digit of c?
0
Let h(i) = 22*i + 57. Let v(k) = k**3 + 3*k**2 - 2*k + 3. Let j be v(3). What is the units digit of h(j)?
9
Let n(w) = w - 3. Let k be n(6). What is the units digit of (k - 1/3)/(10/1605)?
8
Let x(g) = -130*g**3 - g**2 - 43*g - 129. What is the hundreds digit of x(-3)?
5
Let l = -1670 + 2717. What is the thousands digit of l?
1
Let w = -19 + 130. Suppose -5*b - 5*r + 165 = 0, -6*r + 3*r = -3*b + 87. Let q = w - b. What is the units digit of q?
0
Let m(x) = -9*x**3 - x**2 + 17*x + 7. Let w(c) = 10*c**3 + c**2 - 17*c - 6. Let q(y) = 6*m(y) + 5*w(y). What is the tens digit of q(-7)?
1
Suppose -k + i = -2 - 7, -11 = -4*k - i. Suppose 316 = k*t + 2*m, -4*m = 3*t - 0*t - 247. What is the tens digit of t?
7
Let z = -2801 + 7913. What is the thousands digit of z?
5
Let o = -523 + 11573. What is the ten thousands digit of o?
1
Let z(o) = 3*o**2 + 5*o + 2. Let i be z(-4). Let x be -11 + -14 + (-2 - -12). Let m = i - x. What is the units digit of m?
5
What is the units digit of 3985212/770 + (-4)/(-10)?
6
What is the thousands digit of (-975)/25*208/(-4)?
2
Let u be (52 - 1)*5*6/90. Suppose -90 = -g + u*q - 12*q, -4*q = -5*g + 387. What is the units digit of g?
5
Let b(f) = 25 - 237*f - f**3 + 1 - f**2 + 25*f**2 + 218*f. What is the hundreds digit of b(21)?
9
Let x = 6 + 33. Suppose -4*m = -105 - x. Suppose -l + 2 = 2*u - 6, 0 = -4*l - 4*u + m. What is the tens digit of l?
1
Let f(r) = -r**2 - 7*r + 196. Let i be f(0). Let b = -132 + i. What is the units digit of b?
4
Let i(d) = -3*d**3 - 10*d**2 + 16*d + 1. Let x be i(6). Let n = x + 1875. What is the units digit of n?
4
Suppose 86 = -2*x + 112. Let w(v) = 31*v - 104. What is the hundreds digit of w(x)?
2
Suppose -180*f + 3*p - 44074 = -185*f, 35249 = 4*f - p. What is the units digit of f?
3
Let n = -2443 + 3011. What is the tens digit of n?
6
What is the units digit of (-159)/(4 + (-21)/6 - 20/34)?
2
Let r(f) = 63*f - 42. Let c be r(6). What is the units digit of (c + 0)/((-81)/(-108))?
8
Suppose -12390 + 35300 = 29*s. Suppose -s - 1465 = -3*c - 4*l, 0 = -3*c - 3*l + 2259. What is the units digit of c?
7
Suppose 36 = d - 0*d. Let x be 60/d*2/(6/(-45)). Let t = x - -45. What is the units digit of t?
0
Suppose 34 = 2*q + 22. Suppose -q*m + 7*m + 3*j - 1188 = 0, 5*m = 5*j + 6020. What is the tens digit of m?
0
Suppose -4*q + l + 3782 = -23937, 0 = -q + 4*l + 6911. What is the units digit of q?
1
Suppose -7036827 + 3123271 = -289*p + 3629055. What is the tens digit of p?
9
Let o(j) = 28*j**2 - 44*j + 218. What is the hundreds digit of o(52)?
6
Let p = -41 + 44. Suppose 2*a + 50 = 5*u, -5*u - p*a + 4*a + 50 = 0. What is the tens digit of ((255/u)/(-3))/((-2)/4)?
1
Suppose 5 = -l + 5*x + 29, 2*l = 2*x + 16. Suppose l*o - 208 = 20. What is the tens digit of (0 + 3)/(2 + -1) + o?
6
Suppose -20235 = -3*l - 4*u, 3*u = -8*l + 7*l + 6740. What is the thousands digit of l?
6
Suppose 25*y - 24350 = -8975. Let m(c) = c**2 + 5*c - 9. Let r be m(-7). Suppose 5*i - 650 = -r*d, -2*i = -5*d - 0*i + y. What is the hundreds digit of d?
1
What is the tens digit of -33 + 32 - (-3 - 4347) - -8?
5
Let h(f) = 3392*f + 316. What is the hundreds digit of h(2)?
1
Let n = -6417 - -11492. What is the units digit of n?
5
Let t be (-13 - -9)/((-8)/14) + -2. Suppose -5*o = -4*k - 2536, -510 = t*o - 6*o - 2*k. What is the hundreds digit of o?
5
Let q(l) = -7*l - 44. Let g be -2 - (-15)/(-3) - (-2 - 2). Let i be -5 + (g - -4)*-9. What is the tens digit of q(i)?
5
Let s(g) = -468*g**2 - 4*g + 2. Let r be s(-2). Let j = r + 3596. What is the thousands digit of j?
1
Let w(n) = -181*n + 2835. What is the tens digit of w(-56)?
7
Suppose -2536*t = -2527*t - 145364 + 56786. What is the thousands digit of t?
9
Let z = 6437 - 5182. What is the units digit of z?
5
Let x(u) = -u**2 - 5*u + 7. Let o be x(-5). Suppose a - 3*p = -1 + o, 4*a + 3*p = -21. Let y(b) = -5*b - 1. What is the units digit of y(a)?
4
Let v = 36 - 1541. Let s = v - -2475. What is the hundreds digit of s?
9
Suppose 80*j = 82*j + 2*u - 25620, 0 = 2*j + 4*u - 25622. What is the thousands digit of j?
2
Let m be (((-36)/6)/(-6))/((-1)/(-5)). Suppose m*v = i - 5*i + 12, 2*i = 6. Suppose 40*p - 42*p + 136 = v. What is the units digit of p?
8
Let d be (-56)/22 - (-162)/297. What is the tens digit of (179 - (-4)/d) + (-36)/9?
7
Let f(z) = z**3 - 3*z**2 + 2*z - 3. Let j be f(3). Suppose 82 = -2*o + j*o. What is the tens digit of o - (2 + -3 + 5)?
7
Let w = -63552 + 96636. What is the thousands digit of w?
3
Suppose 15*s - 78483 = -26628. Let g = s - 1972. What is the thousands digit of g?
1
Suppose -5*c + 3*c + 534 = 0. Suppose c + 5979 = -3*k. What is the units digit of k/(-13) + 8/(-52)?
0
Let t = -135 + 85. Let i = t - -36. Let g(p) = -p - 12. What is the units digit of g(i)?
2
Suppose 138464 = 4*t + 2*u, -44*u - 34619 = -t - 45*u. What is the hundreds digit of t?
6
Suppose -3*j + 3*m = -17504 - 59563, -j + 25689 = -4*m. What is the ten thousands digit of j?
2
Suppose -2*t - 6 = 6, 23850 = 2*n - t. What is the hundreds digit of n?
9
Suppose -15*h = -3*m - 20*h + 94199, -h = -m + 31381. What is the thousands digit of m?
1
What is the units digit of ((-960)/9)/(((-3)/(-74))/(36/(-16)))?
0
Let l(k) = -2*k + 17. Let b be l(4). Suppose 0 = 3*r - 12 + b. What is the tens digit of 96 + (12 - 10)/(2*r)?
9
Let m(p) = -10*p**3 - 13*p**2 - 8*p - 18. Let n be 5/20*-5*4. What is the hundreds digit of m(n)?
9
Suppose 9 + 3 = 3*f. Let m(b) = -10*b**3 - 19*b**2 + 3*b + 12. Let t be m(-2). What is the units digit of (f - t) + 127 + -3 + 1?
9
Suppose -3*f = -2*x + 4*x - 1020, x + 3*f = 516. Suppose 4*o - x = 2144. Suppose -4*y + 268 = 2*q, q - o = -4*q - 2*y. What is the hundreds digit of q?
1
Let c = -179 + 187. Suppose -4*j = 3*t - 1911, -5*j + 2360 = c*t - 10*t. What is the hundreds digit of j?
4
Suppose -3*w + 7464 = 3*k, 2*k + 4*w - 6626 = -1654. What is the tens digit of k?
9
Let h = 2628 + 794. What is the tens digit of h?
2
What is the units digit of 20573 + 9 + (-4 - -3)?
1
Suppose 3*o - 188 = -5*f, o - 5*f - 18 - 18 = 0. Suppose 3*j + 0*s = -s + o, -91 = -5*j - 4*s. Suppose j = t - 4. What is the units digit of t?
3
Suppose -6*m = -2555 + 41. Let h = 508 - m. What is the units digit of h?
9
Let a(c) = 53*c - 20. Let m(v) = -2*v - 1. Let s be m(-2). Let r be a(s). Suppose 0 = 2*n - 5*i - 196, -3*n = 3*i - r - 155. What is the units digit of n?
8
Let s(z) = 221*z - 64. Let v be s(29). Suppose 0 = -18*c + 3861 + v. What is the hundreds digit of c?
5
Let r(o) = 3*o**3 - 3*o**2 - 6*o - 5. Let t be r(-5). Let u = t + 708. What is the hundreds digit of u?
2
Let c(x) = -3498*x - 3157. What is the units digit of c(-6)?
1
Let t(u) = 2*u + 27. Let a be t(0). Let n = 28 - a. What is the units digit of 2/(-12)*n - (-703)/6?
7
Let w be (8/(-24))/(2/516). Let s be 2/(-9) - (w/(-18) - -1). What is the tens digit of (2300/s)/(-2) + 2/6?
9
Let p = -163 - -155. What is the tens digit of 4 + (p + 3 - -270)?
6
Let f(j) = 8*j**2 - 18*j + 55. Let r(k) = k**3 - 17*k**2 + 8. Let l be r(17). What is the hundreds digit of f(l)?
4
Suppose 34 = -l + 13*b - 11*b, 3*b = -5*l - 118. Let o(x) = -x**3 - 24*x**2 + 34*x + 22. What is the hundreds digit of o(l)?
4
Suppose 10*h - 730338 = 7*h - 18*h. What is the ten thousands digit of h?
3
Let s(h) = -h**3 + 4*h**2 - 8*h - 19. Let u(x) be the first derivative of -x**3/3 - x**2/2 - 6. Let z(l) = -s(l) + 5*u(l). What is the tens digit of z(9)?
4
Suppose 17*o - 19*o + 3006 = 0. Let x = -2157 + o. Let k = -459 - x. What is the tens digit of k?
9
Suppos